{"id":16194,"date":"2022-02-03T14:45:50","date_gmt":"2022-02-03T13:45:50","guid":{"rendered":"http:\/\/backup.gnist.dev\/sambib\/?page_id=16194"},"modified":"2023-02-24T15:45:12","modified_gmt":"2023-02-24T14:45:12","slug":"loga-munnje-laga-munji-lohk-munnjien","status":"publish","type":"page","link":"https:\/\/backup.gnist.dev\/sambib\/loga-munnje-laga-munji-lohk-munnjien\/","title":{"rendered":"Loga munnje! L\u00e5g\u00e5 munji! Lohk munnjien!"},"content":{"rendered":"<p><strong><img data-recalc-dims=\"1\" loading=\"lazy\" decoding=\"async\" class=\"alignnone wp-image-16195\" src=\"https:\/\/i0.wp.com\/backup.gnist.dev\/sambib\/wp-content\/uploads\/2022\/02\/logo-300x115.png?resize=525%2C201\" alt=\"\" width=\"525\" height=\"201\" srcset=\"https:\/\/i0.wp.com\/backup.gnist.dev\/sambib\/wp-content\/uploads\/2022\/02\/logo.png?resize=300%2C115&amp;ssl=1 300w, https:\/\/i0.wp.com\/backup.gnist.dev\/sambib\/wp-content\/uploads\/2022\/02\/logo.png?resize=1024%2C393&amp;ssl=1 1024w, https:\/\/i0.wp.com\/backup.gnist.dev\/sambib\/wp-content\/uploads\/2022\/02\/logo.png?resize=768%2C295&amp;ssl=1 768w, https:\/\/i0.wp.com\/backup.gnist.dev\/sambib\/wp-content\/uploads\/2022\/02\/logo.png?w=1175&amp;ssl=1 1175w\" sizes=\"auto, (max-width: 525px) 100vw, 525px\" \/><a href=\"https:\/\/sametinget.no\/sametingets-bibliotek\/les-for-meg-sprak-fra-forste-stund\/\">Les for meg! &#8211; spr\u00e5k fra f\u00f8rste stund\u00a0<\/a><\/strong>er et prosjekt som er p\u00e5begynt av Sametinget i Norge.<\/p>\n<p>Vi \u00f8nsker at samiske barn skal f\u00e5 best mulig utgangspunkt for spr\u00e5kutvikling. At foreldre, besteforeldre, andre voksne leser h\u00f8yt for barnet danner et viktig grunnlag for l\u00e6ring og legger til rette for leselyst og senere lese- og skriveoppl\u00e6ring.<\/p>\n<p>Sametingets bibliotek utvikler prosjektet i samarbeid med Foreningen !les, Senter for samisk i oppl\u00e6ring og kommunene rundt om i landet. Inspirasjon til\u00a0<em>Les for meg!<\/em>\u00a0har vi f\u00e5tt fra det norske\u00a0<a class=\"InnholdLinkTekst link-webpage external-link\" href=\"http:\/\/www.bokstart.no\/\" data-id=\"30587\">Bokstart-prosjektet<\/a>, og lignende prosjekt som er gjennomf\u00f8rt i mange land.<\/p>\n<p><em>\u00c5 lese h\u00f8yt er en gave for barnet ditt og investering i fremtiden!<\/em><\/p>\n<p><a href=\"https:\/\/www.facebook.com\/117534711603841\/videos\/360429389232964\"><strong>Ella Marie H\u00e6tta Isaksen om lesing og det \u00e5 bli lest for<\/strong><\/a> I denne filmen forteller artisten Ella Marie H\u00e6tta Isaksen om gode minner fra lesestunder med samiske bildeb\u00f8ker.<\/p>\n<p><strong><a href=\"https:\/\/bokstart.no\/samiske-barneboker\/\">Samiske barneb\u00f8ker &#8211; et utvalg av bildeb\u00f8ker 0-6 \u00e5r<\/a> <\/strong>(tekst av Lisa Monica Aslaksen)<\/p>\n<p><strong><a href=\"https:\/\/sametinget.no\/sametingets-bibliotek\/les-for-meg-sprak-fra-forste-stund\/tre-tips-til-lesestunden\/\">Tre tips til lesestunden <\/a><\/strong>I denne kortfilmen deler pedagog og forfatter Birgit Andersen sine beste tips til lesestunden.<\/p>\n<p>&nbsp;<\/p>\n<p>&nbsp;<\/p>\n","protected":false},"excerpt":{"rendered":"<p>Les for meg! &#8211; spr\u00e5k fra f\u00f8rste stund\u00a0er et prosjekt som er p\u00e5begynt av Sametinget i Norge. Vi \u00f8nsker at samiske barn skal f\u00e5 best mulig utgangspunkt for spr\u00e5kutvikling. At foreldre, besteforeldre, andre voksne leser h\u00f8yt for barnet danner et viktig grunnlag for l\u00e6ring og legger til rette for leselyst og senere lese- og skriveoppl\u00e6ring. &hellip; <\/p>\n<p class=\"link-more\"><a href=\"https:\/\/backup.gnist.dev\/sambib\/loga-munnje-laga-munji-lohk-munnjien\/\" class=\"more-link\">Fortsett \u00e5 lese<span class=\"screen-reader-text\"> \u00abLoga munnje! L\u00e5g\u00e5 munji! Lohk munnjien!\u00bb<\/span><\/a><\/p>\n","protected":false},"author":7,"featured_media":0,"parent":0,"menu_order":0,"comment_status":"closed","ping_status":"closed","template":"","meta":{"footnotes":""},"class_list":["post-16194","page","type-page","status-publish","hentry"],"jetpack_sharing_enabled":true,"jetpack_shortlink":"https:\/\/wp.me\/PaButM-4dc","_links":{"self":[{"href":"https:\/\/backup.gnist.dev\/sambib\/wp-json\/wp\/v2\/pages\/16194","targetHints":{"allow":["GET"]}}],"collection":[{"href":"https:\/\/backup.gnist.dev\/sambib\/wp-json\/wp\/v2\/pages"}],"about":[{"href":"https:\/\/backup.gnist.dev\/sambib\/wp-json\/wp\/v2\/types\/page"}],"author":[{"embeddable":true,"href":"https:\/\/backup.gnist.dev\/sambib\/wp-json\/wp\/v2\/users\/7"}],"replies":[{"embeddable":true,"href":"https:\/\/backup.gnist.dev\/sambib\/wp-json\/wp\/v2\/comments?post=16194"}],"version-history":[{"count":11,"href":"https:\/\/backup.gnist.dev\/sambib\/wp-json\/wp\/v2\/pages\/16194\/revisions"}],"predecessor-version":[{"id":18113,"href":"https:\/\/backup.gnist.dev\/sambib\/wp-json\/wp\/v2\/pages\/16194\/revisions\/18113"}],"wp:attachment":[{"href":"https:\/\/backup.gnist.dev\/sambib\/wp-json\/wp\/v2\/media?parent=16194"}],"curies":[{"name":"wp","href":"https:\/\/api.w.org\/{rel}","templated":true}]}}