{"id":16775,"date":"2022-06-02T12:40:54","date_gmt":"2022-06-02T10:40:54","guid":{"rendered":"https:\/\/backup.gnist.dev\/sambib\/?page_id=16775"},"modified":"2023-04-20T10:39:00","modified_gmt":"2023-04-20T08:39:00","slug":"sommerles-2022-lahkamtjuojggusa","status":"publish","type":"page","link":"https:\/\/backup.gnist.dev\/sambib\/sommerles-2022-lahkamtjuojggusa\/","title":{"rendered":"Sommerles 2022 &#8211; statistikk"},"content":{"rendered":"<p><img data-recalc-dims=\"1\" loading=\"lazy\" decoding=\"async\" class=\"alignnone size-medium wp-image-16786\" src=\"https:\/\/i0.wp.com\/backup.gnist.dev\/sambib\/wp-content\/uploads\/2022\/06\/Facebook-Banner-Lulesamisk-2.jpg?resize=300%2C114&#038;ssl=1\" alt=\"\" width=\"300\" height=\"114\" srcset=\"https:\/\/i0.wp.com\/backup.gnist.dev\/sambib\/wp-content\/uploads\/2022\/06\/Facebook-Banner-Lulesamisk-2.jpg?resize=300%2C114&amp;ssl=1 300w, https:\/\/i0.wp.com\/backup.gnist.dev\/sambib\/wp-content\/uploads\/2022\/06\/Facebook-Banner-Lulesamisk-2.jpg?resize=768%2C292&amp;ssl=1 768w, https:\/\/i0.wp.com\/backup.gnist.dev\/sambib\/wp-content\/uploads\/2022\/06\/Facebook-Banner-Lulesamisk-2.jpg?w=820&amp;ssl=1 820w\" sizes=\"auto, (max-width: 300px) 100vw, 300px\" \/><\/p>\n<p><strong>Statistikk fra \u00e5rets samiske Sommerles<\/strong><\/p>\n<p class=\"xmsonormal\"><span style=\"color: black;\">Her er listen over hvor mange b\u00f8ker som er registrert lest p\u00e5 de tre samiske spr\u00e5kene i l\u00f8pet av kampanjen:<\/span><\/p>\n<p class=\"xmsonormal\"><span style=\"font-size: 11.5pt; color: #201f1e;\">Nordsamisk: 262<\/span><\/p>\n<p>S\u00f8rsamisk: 53<\/p>\n<p>Lulesamisk: 38<\/p>\n<p>Det er en usikkerhet med statistikken her, fordi det kan finnes b\u00f8ker p\u00e5 samisk som ikke blir registrert riktig p\u00e5 spr\u00e5ket, bare at de ikke er p\u00e5 norsk og dermed ble de ikke med p\u00e5 statistikken.<\/p>\n<p>Det som var kjempefint i tillegg, var at Sommerles-fortellingen av forfatteren\u00a0 Mari Moen Holsve\u00a0 &laquo;Asbj\u00f8rn og Astrid : eventyr p\u00e5 r\u00f8mmen&raquo; ble mye lest p\u00e5 samiske spr\u00e5k:<\/p>\n<p>Nordsamisk: 1178 kapitler<\/p>\n<p>S\u00f8rsamisk: 761 kapitler<\/p>\n<p>Lulesamisk: 1135 kapitler<\/p>\n<p><em>Dette lover godt for neste \u00e5rets Sommerles!<\/em><\/p>\n<p>F\u00f8rste gang i \u00e5r 2022 har vi hatt <a href=\"https:\/\/sommerles.no\/\">Sommerles!\u00a0<\/a> ogs\u00e5 p\u00e5 samisk. Fortellingen i kampanjen er skreven av Mari Moen Holsve. Fortellingen er oversatt p\u00e5 nordsamisk av Berit M. Oskal, p\u00e5 s\u00f8rsamisk av Ellen B. Jonassen og p\u00e5 lulesamisk av Stig Riemmbe G\u00e6lok.<\/p>\n<p>Biblioteker rundt omkring i landet kan synliggj\u00f8re samisk barnelitteratur for skolebarn i forbindelse med lesekampanjen.<\/p>\n<p><a href=\"https:\/\/backup.gnist.dev\/sambib\/wp-content\/uploads\/2022\/06\/Lohkemeraerieh-gaerjagaeteste.pdf\">S\u00f8rsamiske boktips til Sommerles 2022 &#8211; Lohkemeraerieh-gaerjagaeteste<\/a><\/p>\n<p><a href=\"https:\/\/backup.gnist.dev\/sambib\/wp-content\/uploads\/2022\/06\/Boktips-til-Sommerles-2022-bloggen.pdf\">Lulesamiske boktips til Sommerles 2022 &#8211;\u00a0 Julevs\u00e1me l\u00e5hk\u00e5mtsuojggidus\u00e1<\/a><\/p>\n<p><a href=\"https:\/\/backup.gnist.dev\/sambib\/wp-content\/uploads\/2022\/06\/Tips-titler-nordsamisk-sommerles-2022-2.pdf\">Nordsamiske boktips til\u00a0 Sommerles 2022- Davvis\u00e1mi lohkancavgileamit<\/a><\/p>\n<p><span style=\"font-size: 1rem;\">Vuostasj b\u00e1le 2022 le Sommerles! aj s\u00e1megiell\u00e1j.\u00a0 Mari Moen Holsve le kamp\u00e1nja subttsasav tj\u00e1ll\u00e1m.<\/span><\/p>\n<p>G\u00e1jkka rijka girjevuork\u00e1 m\u00e1htti d\u00e1lla s\u00e1me girj\u00e1lasjvuodav tjalmostahttet s\u00e1me sk\u00e5vll\u00e5m\u00e1n\u00e1jda. M\u00e1n\u00e1 m\u00e1htti\u00a0 l\u00e5hk\u00e5t iednegiellasis\u00e1.<\/p>\n<p>&nbsp;<\/p>\n","protected":false},"excerpt":{"rendered":"<p>Statistikk fra \u00e5rets samiske Sommerles Her er listen over hvor mange b\u00f8ker som er registrert lest p\u00e5 de tre samiske spr\u00e5kene i l\u00f8pet av kampanjen: Nordsamisk: 262 S\u00f8rsamisk: 53 Lulesamisk: 38 Det er en usikkerhet med statistikken her, fordi det kan finnes b\u00f8ker p\u00e5 samisk som ikke blir registrert riktig p\u00e5 spr\u00e5ket, bare at de &hellip; <\/p>\n<p class=\"link-more\"><a href=\"https:\/\/backup.gnist.dev\/sambib\/sommerles-2022-lahkamtjuojggusa\/\" class=\"more-link\">Fortsett \u00e5 lese<span class=\"screen-reader-text\"> \u00abSommerles 2022 &#8211; statistikk\u00bb<\/span><\/a><\/p>\n","protected":false},"author":8,"featured_media":0,"parent":0,"menu_order":0,"comment_status":"closed","ping_status":"closed","template":"","meta":{"jetpack_post_was_ever_published":false,"footnotes":""},"class_list":["post-16775","page","type-page","status-publish","hentry"],"jetpack_sharing_enabled":true,"jetpack_shortlink":"https:\/\/wp.me\/PaButM-4mz","_links":{"self":[{"href":"https:\/\/backup.gnist.dev\/sambib\/wp-json\/wp\/v2\/pages\/16775","targetHints":{"allow":["GET"]}}],"collection":[{"href":"https:\/\/backup.gnist.dev\/sambib\/wp-json\/wp\/v2\/pages"}],"about":[{"href":"https:\/\/backup.gnist.dev\/sambib\/wp-json\/wp\/v2\/types\/page"}],"author":[{"embeddable":true,"href":"https:\/\/backup.gnist.dev\/sambib\/wp-json\/wp\/v2\/users\/8"}],"replies":[{"embeddable":true,"href":"https:\/\/backup.gnist.dev\/sambib\/wp-json\/wp\/v2\/comments?post=16775"}],"version-history":[{"count":32,"href":"https:\/\/backup.gnist.dev\/sambib\/wp-json\/wp\/v2\/pages\/16775\/revisions"}],"predecessor-version":[{"id":18356,"href":"https:\/\/backup.gnist.dev\/sambib\/wp-json\/wp\/v2\/pages\/16775\/revisions\/18356"}],"wp:attachment":[{"href":"https:\/\/backup.gnist.dev\/sambib\/wp-json\/wp\/v2\/media?parent=16775"}],"curies":[{"name":"wp","href":"https:\/\/api.w.org\/{rel}","templated":true}]}}