{"id":18567,"date":"2023-06-08T11:42:38","date_gmt":"2023-06-08T09:42:38","guid":{"rendered":"https:\/\/backup.gnist.dev\/sambib\/?page_id=18567"},"modified":"2023-06-29T09:16:41","modified_gmt":"2023-06-29T07:16:41","slug":"sommerles-2023-pa-samisk","status":"publish","type":"page","link":"https:\/\/backup.gnist.dev\/sambib\/sommerles-2023-pa-samisk\/","title":{"rendered":"Sommerles 2023 p\u00e5 samisk"},"content":{"rendered":"<p><img data-recalc-dims=\"1\" loading=\"lazy\" decoding=\"async\" class=\"alignnone wp-image-18579\" src=\"https:\/\/i0.wp.com\/backup.gnist.dev\/sambib\/wp-content\/uploads\/2023\/06\/Sommerles-samisk.png?resize=455%2C211&#038;ssl=1\" alt=\"\" width=\"455\" height=\"211\" srcset=\"https:\/\/i0.wp.com\/backup.gnist.dev\/sambib\/wp-content\/uploads\/2023\/06\/Sommerles-samisk.png?resize=300%2C139&amp;ssl=1 300w, https:\/\/i0.wp.com\/backup.gnist.dev\/sambib\/wp-content\/uploads\/2023\/06\/Sommerles-samisk.png?resize=1024%2C475&amp;ssl=1 1024w, https:\/\/i0.wp.com\/backup.gnist.dev\/sambib\/wp-content\/uploads\/2023\/06\/Sommerles-samisk.png?resize=768%2C357&amp;ssl=1 768w, https:\/\/i0.wp.com\/backup.gnist.dev\/sambib\/wp-content\/uploads\/2023\/06\/Sommerles-samisk.png?resize=1536%2C713&amp;ssl=1 1536w, https:\/\/i0.wp.com\/backup.gnist.dev\/sambib\/wp-content\/uploads\/2023\/06\/Sommerles-samisk.png?w=1583&amp;ssl=1 1583w\" sizes=\"auto, (max-width: 455px) 100vw, 455px\" \/><\/p>\n<p><span style=\"font-size: 1rem;\">Ogs\u00e5 \u00e5rets Sommerles er p\u00e5 samisk og klar til alle elever fra 1. klasse til 7. klasse. Sommerles-kampanjen er gratis \u00e5 v\u00e6re med og den varer fra 1. juni til 31. august. <\/span><\/p>\n<p><span style=\"font-size: 1rem;\">Sametingets bibliotek har oversatt den digitale fortellingen \u201cNatt p\u00e5 biblioteket\u201d av forfatteren Mari Moen Holsve til tre samiske spr\u00e5k. <\/span><\/p>\n<p><span style=\"font-size: 1rem;\">Nordsamisk oversetter er Berit Margrethe Oskal, s\u00f8rsamisk oversetter er Ellen Jonassen og lulesamisk oversetter er Are Markku Tjihkkom.<\/span><\/p>\n<p>Foresatte\u00a0 kan melde barna med p\u00e5 kampanjen her: <a href=\"http:\/\/www.sommerles.no\">www.sommerles.no<\/a><\/p>\n<p>&nbsp;<\/p>\n<p>D\u00e1n jag\u00e1\u0161 Sommerles s\u00e1megillii lea g\u00e1rvvis buot ohppiide 1. luohk\u00e1s 7. luohkk\u00e1i. Sommerles lea nuvtt\u00e1 ja bist\u00e1 geassem\u00e1nu 1. beaivve r\u00e1jes gitta borgem\u00e1nu 31. beaivve r\u00e1dj\u00e1i.<\/p>\n<p>S\u00e1medikki girjer\u00e1dju lea jorgalan digit\u00e1la muitalusa &laquo;Natt p\u00e5 biblioteket&raquo; maid girje\u010d\u00e1lli Mari Moen Holsve lea \u010d\u00e1ll\u00e1n, davvis\u00e1megillii, julevs\u00e1megillii ja lullis\u00e1megillii.<\/p>\n<p>Davvis\u00e1megielat jorgaleaddji lea Berit Margrethe Oskal, lullis\u00e1megielat jorgaleaddji lea Ellen Jonassen ja julevs\u00e1megielat jorgaleaddji lea Are Markku Tjihkkom.<\/p>\n<p>Fuolaheaddjit s\u00e1httet die\u0111ihit m\u00e1n\u00e1id searvat kamp\u00e1njii d\u00e1ppe: <a href=\"http:\/\/www.sommerles.no\">www.sommerles.no<\/a><\/p>\n<p>D\u00e1n jag\u00e1sj Sommerles s\u00e1megiellaj la g\u00e1rves g\u00e1jka oahppijda 1. kl\u00e1ssas gitta 7. kl\u00e1ssaj. Sommerlesaj le n\u00e5vk\u00e5 oass\u00e1lasstet ja kamp\u00e1nnja vihp\u00e1 biehtsem\u00e1no 1. biejves gitta b\u00e5rggem\u00e1no 31. b\u00e6jvv\u00e1j.<\/p>\n<p>S\u00e1medikke girjjevuorkk\u00e1 l j\u00e5rgg\u00e5lam digit\u00e1la subttsasav &laquo;Natt p\u00e5 biblioteket&raquo; girjjetj\u00e1lle Mari Moen Holsveas nuorttas\u00e1megiellaj, julevs\u00e1megiellaj ja oarjjels\u00e1megiellaj.<\/p>\n<p>\u00c5vd\u00e5stiddje m\u00e1htti diededit m\u00e1n\u00e1jt d\u00e1n kamp\u00e1nnjaj: <a href=\"http:\/\/www.sommerles.no\">www.sommerles.no<\/a><\/p>\n<p>&nbsp;<\/p>\n<p>Daan jaepien Sommerles saemien g\u00efelesne gaajhkide learoehkidie 1. klaasseste 7. klaassese riejries . Sommerlese lea namhtah meatan \u00e5rrodh j\u00efh ry\u00f6hkoe ruffien 1. b raejeste mietsken 31. b raajan .<\/p>\n<p>Saemiedigkien g\u00e6rjag\u00e5etie dam digitaale soptsesem &laquo;Natt p\u00e5 biblioteket&raquo;, maam Mari Moen Holsve tjaaleme, jarkoestahteme noerhtesaemien, julevsaemien j\u00efh \u00e5arjelsaemien g\u00efelese<\/p>\n<p>Eejhtegh \/ dah mah eejhtegi \u00e5vteste , maehtieh maanide bieljelidh daan kampanjen b\u00efjre: <a href=\"http:\/\/www.sommerles.no\">www.sommerles.no<\/a><\/p>\n<p>&nbsp;<\/p>\n","protected":false},"excerpt":{"rendered":"<p>Ogs\u00e5 \u00e5rets Sommerles er p\u00e5 samisk og klar til alle elever fra 1. klasse til 7. klasse. Sommerles-kampanjen er gratis \u00e5 v\u00e6re med og den varer fra 1. juni til 31. august. Sametingets bibliotek har oversatt den digitale fortellingen \u201cNatt p\u00e5 biblioteket\u201d av forfatteren Mari Moen Holsve til tre samiske spr\u00e5k. Nordsamisk oversetter er Berit &hellip; <\/p>\n<p class=\"link-more\"><a href=\"https:\/\/backup.gnist.dev\/sambib\/sommerles-2023-pa-samisk\/\" class=\"more-link\">Fortsett \u00e5 lese<span class=\"screen-reader-text\"> \u00abSommerles 2023 p\u00e5 samisk\u00bb<\/span><\/a><\/p>\n","protected":false},"author":8,"featured_media":0,"parent":0,"menu_order":0,"comment_status":"closed","ping_status":"closed","template":"","meta":{"footnotes":""},"class_list":["post-18567","page","type-page","status-publish","hentry"],"jetpack_sharing_enabled":true,"jetpack_shortlink":"https:\/\/wp.me\/PaButM-4Pt","_links":{"self":[{"href":"https:\/\/backup.gnist.dev\/sambib\/wp-json\/wp\/v2\/pages\/18567","targetHints":{"allow":["GET"]}}],"collection":[{"href":"https:\/\/backup.gnist.dev\/sambib\/wp-json\/wp\/v2\/pages"}],"about":[{"href":"https:\/\/backup.gnist.dev\/sambib\/wp-json\/wp\/v2\/types\/page"}],"author":[{"embeddable":true,"href":"https:\/\/backup.gnist.dev\/sambib\/wp-json\/wp\/v2\/users\/8"}],"replies":[{"embeddable":true,"href":"https:\/\/backup.gnist.dev\/sambib\/wp-json\/wp\/v2\/comments?post=18567"}],"version-history":[{"count":25,"href":"https:\/\/backup.gnist.dev\/sambib\/wp-json\/wp\/v2\/pages\/18567\/revisions"}],"predecessor-version":[{"id":18755,"href":"https:\/\/backup.gnist.dev\/sambib\/wp-json\/wp\/v2\/pages\/18567\/revisions\/18755"}],"wp:attachment":[{"href":"https:\/\/backup.gnist.dev\/sambib\/wp-json\/wp\/v2\/media?parent=18567"}],"curies":[{"name":"wp","href":"https:\/\/api.w.org\/{rel}","templated":true}]}}