{"id":18751,"date":"2023-06-29T09:14:16","date_gmt":"2023-06-29T07:14:16","guid":{"rendered":"https:\/\/backup.gnist.dev\/sambib\/?page_id=18751"},"modified":"2023-06-29T09:33:30","modified_gmt":"2023-06-29T07:33:30","slug":"markomeannu-festivallagirjerajus-festivalbibliotek","status":"publish","type":"page","link":"https:\/\/backup.gnist.dev\/sambib\/markomeannu-festivallagirjerajus-festivalbibliotek\/","title":{"rendered":"M\u00e1rkomeannu Festiv\u00e1llagirjer\u00e1jus &#8211; Festivalbibliotek"},"content":{"rendered":"<p><img data-recalc-dims=\"1\" loading=\"lazy\" decoding=\"async\" class=\"alignnone size-medium wp-image-18752\" src=\"https:\/\/i0.wp.com\/backup.gnist.dev\/sambib\/wp-content\/uploads\/2023\/06\/Festivala-girjerajus.png?resize=300%2C169&#038;ssl=1\" alt=\"\" width=\"300\" height=\"169\" srcset=\"https:\/\/i0.wp.com\/backup.gnist.dev\/sambib\/wp-content\/uploads\/2023\/06\/Festivala-girjerajus.png?resize=300%2C169&amp;ssl=1 300w, https:\/\/i0.wp.com\/backup.gnist.dev\/sambib\/wp-content\/uploads\/2023\/06\/Festivala-girjerajus.png?resize=1024%2C577&amp;ssl=1 1024w, https:\/\/i0.wp.com\/backup.gnist.dev\/sambib\/wp-content\/uploads\/2023\/06\/Festivala-girjerajus.png?resize=768%2C433&amp;ssl=1 768w, https:\/\/i0.wp.com\/backup.gnist.dev\/sambib\/wp-content\/uploads\/2023\/06\/Festivala-girjerajus.png?resize=1536%2C865&amp;ssl=1 1536w, https:\/\/i0.wp.com\/backup.gnist.dev\/sambib\/wp-content\/uploads\/2023\/06\/Festivala-girjerajus.png?w=1640&amp;ssl=1 1640w\" sizes=\"auto, (max-width: 300px) 100vw, 300px\" \/><\/p>\n<h2><a href=\"https:\/\/bibliotek.nfk.no\/velkommen-til-festivalbiblioteket-pa-markomeannu\/\">Buresboahtin Festiv\u00e1llagirjer\u00e1djosii!\u00a0 Velkommen til festivalbiblioteket p\u00e5 M\u00e1rkomeannu!<\/a><\/h2>\n<h1>Progr\u00e1mma\/Program 28.7. &#8211; 29.7.23<\/h1>\n<table>\n<tbody>\n<tr>\n<td>Bearjadat<\/p>\n<p>Fredag<\/td>\n<td>12.00: Lohkanboddu\u00a0 m\u00e1n\u00e1ide\/Lesestund for barn<\/td>\n<\/tr>\n<tr>\n<td><\/td>\n<td>14.00:\u00a0 Slampoesija\/Slampoetene Ida Helene Benonisen og \u00c1nn\u00e1 K\u00e1is\u00e1 Partapuoli i samtale med forfatter Sigbj\u00f8rn Sk\u00e5den<\/td>\n<\/tr>\n<tr>\n<td>L\u00e1vvordat<\/p>\n<p>L\u00f8rdag<\/td>\n<td>12.00:\u00a0 Lohkanboddu\/Lesestund for barn<\/td>\n<\/tr>\n<tr>\n<td><\/td>\n<td>14.30: Diktalohkan, s\u00e1gastallan ja musihkala\u0161 guoimmuheapmi\/ Diktlesing, samtale og musikalsk innslag med forfatter Camilla Tran\u00e5s Kristiansen og kunstner og musiker Ronja-Katrin Larsen<\/td>\n<\/tr>\n<\/tbody>\n<\/table>\n","protected":false},"excerpt":{"rendered":"<p>Buresboahtin Festiv\u00e1llagirjer\u00e1djosii!\u00a0 Velkommen til festivalbiblioteket p\u00e5 M\u00e1rkomeannu! Progr\u00e1mma\/Program 28.7. &#8211; 29.7.23 Bearjadat Fredag 12.00: Lohkanboddu\u00a0 m\u00e1n\u00e1ide\/Lesestund for barn 14.00:\u00a0 Slampoesija\/Slampoetene Ida Helene Benonisen og \u00c1nn\u00e1 K\u00e1is\u00e1 Partapuoli i samtale med forfatter Sigbj\u00f8rn Sk\u00e5den L\u00e1vvordat L\u00f8rdag 12.00:\u00a0 Lohkanboddu\/Lesestund for barn 14.30: Diktalohkan, s\u00e1gastallan ja musihkala\u0161 guoimmuheapmi\/ Diktlesing, samtale og musikalsk innslag med forfatter Camilla Tran\u00e5s Kristiansen &hellip; <\/p>\n<p class=\"link-more\"><a href=\"https:\/\/backup.gnist.dev\/sambib\/markomeannu-festivallagirjerajus-festivalbibliotek\/\" class=\"more-link\">Fortsett \u00e5 lese<span class=\"screen-reader-text\"> \u00abM\u00e1rkomeannu Festiv\u00e1llagirjer\u00e1jus &#8211; Festivalbibliotek\u00bb<\/span><\/a><\/p>\n","protected":false},"author":8,"featured_media":0,"parent":0,"menu_order":0,"comment_status":"closed","ping_status":"closed","template":"","meta":{"jetpack_post_was_ever_published":false,"footnotes":""},"class_list":["post-18751","page","type-page","status-publish","hentry"],"jetpack_sharing_enabled":true,"jetpack_shortlink":"https:\/\/wp.me\/PaButM-4Sr","_links":{"self":[{"href":"https:\/\/backup.gnist.dev\/sambib\/wp-json\/wp\/v2\/pages\/18751","targetHints":{"allow":["GET"]}}],"collection":[{"href":"https:\/\/backup.gnist.dev\/sambib\/wp-json\/wp\/v2\/pages"}],"about":[{"href":"https:\/\/backup.gnist.dev\/sambib\/wp-json\/wp\/v2\/types\/page"}],"author":[{"embeddable":true,"href":"https:\/\/backup.gnist.dev\/sambib\/wp-json\/wp\/v2\/users\/8"}],"replies":[{"embeddable":true,"href":"https:\/\/backup.gnist.dev\/sambib\/wp-json\/wp\/v2\/comments?post=18751"}],"version-history":[{"count":2,"href":"https:\/\/backup.gnist.dev\/sambib\/wp-json\/wp\/v2\/pages\/18751\/revisions"}],"predecessor-version":[{"id":18754,"href":"https:\/\/backup.gnist.dev\/sambib\/wp-json\/wp\/v2\/pages\/18751\/revisions\/18754"}],"wp:attachment":[{"href":"https:\/\/backup.gnist.dev\/sambib\/wp-json\/wp\/v2\/media?parent=18751"}],"curies":[{"name":"wp","href":"https:\/\/api.w.org\/{rel}","templated":true}]}}